te the remainder when 44989 is divided by 464.
445
What is the remainder when 4222 is divided by 126?
64
Calculate the remainder when 411376 is divided by 222.
10
What is the remainder when 174983 is divided by 14?
11
What is the remainder when 39523 is divided by 138?
55
What is the remainder when 34216 is divided by 966?
406
What is the remainder when 50353 is divided by 27?
25
Calculate the remainder when 8268 is divided by 10.
8
Calculate the remainder when 511172 is divided by 1568.
4
Calculate the remainder when 5475 is divided by 31.
19
Calculate the remainder when 6801 is divided by 381.
324
What is the remainder when 4606 is divided by 1050?
406
What is the remainder when 3377 is divided by 167?
37
What is the remainder when 1655433 is divided by 213?
210
What is the remainder when 274111 is divided by 28?
19
What is the remainder when 51674 is divided by 53?
52
What is the remainder when 296084 is divided by 47?
31
Calculate the remainder when 2769670 is divided by 49.
43
What is the remainder when 472318 is divided by 21?
7
What is the remainder when 65767 is divided by 822?
7
What is the remainder when 32659 is divided by 605?
594
Calculate the remainder when 6192 is divided by 658.
270
What is the remainder when 2456 is divided by 663?
467
What is the remainder when 11375 is divided by 1892?
23
What is the remainder when 1009 is divided by 94?
69
Calculate the remainder when 72173 is divided by 1473.
1469
What is the remainder when 1144 is divided by 240?
184
Calculate the remainder when 1260 is divided by 421.
418
What is the remainder when 49621 is divided by 141?
130
What is the remainder when 1269 is divided by 143?
125
What is the remainder when 9110 is divided by 920?
830
Calculate the remainder when 182368 is divided by 649.
648
Calculate the remainder when 5547 is divided by 919.
33
Calculate the remainder when 2530 is divided by 905.
720
What is the remainder when 3649 is divided by 578?
181
Calculate the remainder when 27880 is divided by 49.
48
What is the remainder when 2483 is divided by 432?
323
What is the remainder when 42747 is divided by 64?
59
What is the remainder when 188555 is divided by 3?
2
Calculate the remainder when 8264 is divided by 751.
3
Calculate the remainder when 11251 is divided by 1406.
3
Calculate the remainder when 5104 is divided by 1270.
24
What is the remainder when 5691 is divided by 107?
20
Calculate the remainder when 6246 is divided by 30.
6
What is the remainder when 244861 is divided by 17?
10
What is the remainder when 6412 is divided by 229?
0
What is the remainder when 38153 is divided by 2118?
29
What is the remainder when 9236 is divided by 2309?
0
What is the remainder when 17289 is divided by 144?
9
Calculate the remainder when 49749 is divided by 49.
14
What is the remainder when 5272 is divided by 123?
106
Calculate the remainder when 687368 is divided by 7160.
8
What is the remainder when 5486621 is divided by 13?
10
What is the remainder when 98348 is divided by 374?
360
Calculate the remainder when 39824 is divided by 25.
24
What is the remainder when 19477 is divided by 43?
41
What is the remainder when 408643 is divided by 7?
4
Calculate the remainder when 945044 is divided by 233.
229
What is the remainder when 391823 is divided by 27?
26
Calculate the remainder when 185 is divided by 172.
13
Calculate the remainder when 7277 is divided by 38.
19
What is the remainder when 25978 is divided by 276?
34
What is the remainder when 200752 is divided by 697?
16
Calculate the remainder when 1321 is divided by 133.
124
What is the remainder when 49277 is divided by 16?
13
Calculate the remainder when 1802 is divided by 152.
130
What is the remainder when 71121 is divided by 26?
11
What is the remainder when 3080 is divided by 738?
128
Calculate the remainder when 6013 is divided by 146.
27
What is the remainder when 1561797 is divided by 4?
1
What is the remainder when 5199 is divided by 2597?
5
Calculate the remainder when 2818 is divided by 34.
30
What is the remainder when 2996 is divided by 9?
8
What is the remainder when 1151278 is divided by 360?
358
What is the remainder when 693763 is divided by 1802?
1795
What is the remainder when 4271339 is divided by 314?
311
What is the remainder when 30563 is divided by 14834?
895
Calculate the remainder when 9464 is divided by 48.
8
Calculate the remainder when 7234 is divided by 107.
65
Calculate the remainder when 26277 is divided by 8755.
12
What is the remainder when 88218 is divided by 55?
53
Calculate the remainder when 11571 is divided by 3590.
801
What is the remainder when 137801 is divided by 54?
47
Calculate the remainder when 1626 is divided by 800.
26
What is the remainder when 3953 is divided by 69?
20
What is the remainder when 1998 is divided by 207?
135
What is the remainder when 60918 is divided by 20?
18
Calculate the remainder when 33668004 is divided by 17.
14
Calculate the remainder when 1208633 is divided by 1259.
1252
Calculate the remainder when 48341 is divided by 32.
21
What is the remainder when 406 is divided by 112?
70
Calculate the remainder when 61676 is divided by 1502.
94
Calculate the remainder when 177608 is divided by 6.
2
What is the remainder when 207465 is divided by 98?
97
What is the remainder when 34742 is divided by 134?
36
What is the remainder when 393 is divided by 129?
6
Calculate the remainder when 21652 is divided by 61.
58
Calculate the remainder when 5320 is divided by 1039.
125
Calculate the remainder when 103534 is divided by 47.
40
Calculate the remainder when 21836 is divided by 84.
80
What is the remainder when 1017 is divided by 166?
21
Calculate the remainder when 9241 is divided by 289.
282
What is the remainder when 99027 is divided by 2152?
35
Calculate the remainder when 713244 is divided by 31.
27
What is the remainder when 104030 is divided by 1208?
142
What is the remainder when 70697 is divided by 186?
17
What is the remainder when 32896 is divided by 16?
0
Calculate the remainder when 59413 is divided by 78.
55
Calculate the remainder when 115015 is divided by 545.
20
Calculate the remainder when 1951 is divided by 584.
199
What is the remainder when 87772 is divided by 30?
22
Calculate the remainder when 88581 is divided by 13.
12
Calculate the remainder when 70697 is divided by 14096.
217
What is the remainder when 42961 is divided by 98?
37
What is the remainder when 59416 is divided by 570?
136
Calculate the remainder when 151 is divided by 20.
11
What is the remainder when 1616163 is divided by 290?
283
What is the remainder when 40705 is divided by 155?
95
What is the remainder when 16186 is divided by 22?
16
Calculate the remainder when 247453 is divided by 405.
403
What is the remainder when 34938 is divided by 416?
410
What is the remainder when 9232 is divided by 138?
124
What is the remainder when 251901 is divided by 656?
653
What is the remainder when 300553 is divided by 149?
20
Calculate the remainder when 260 is divided by 26.
0
What is the remainder when 324 is divided by 248?
76
What is the remainder when 6843 is divided by 254?
239
What is the remainder when 71919 is divided by 31?
30
Calculate the remainder when 10070 is divided by 112.
102
What is the remainder when 203514 is divided by 43?
38
What is the remainder when 16034 is divided by 18?
14
What is the remainder when 3624387 is divided by 30?
27
Calculate the remainder when 93471 is divided by 233.
38
Calculate the remainder when 355796 is divided by 2093.
2079
Calculate the remainder when 3391 is divided by 618.
301
Calculate the remainder when 10205 is divided by 256.
221
Calculate the remainder when 4549 is divided by 2256.
37
What is the remainder when 77950 is divided by 174?
172
Calculate the remainder when 29641 is divided by 29534.
107
Calculate the remainder when 48450 is divided by 132.
6
Calculate the remainder when 1275 is divided by 44.
43
What is the remainder when 16808 is divided by 251?
242
What is the remainder when 21240 is divided by 138?
126
Calculate the remainder when 96082 is divided by 34.
32
What is the remainder when 111986 is divided by 258?
14
Calculate the remainder when 36455 is divided by 943.
621
What is the remainder when 15129 is divided by 128?
2